{"id":3649,"date":"2018-08-14T19:15:45","date_gmt":"2018-08-14T22:15:45","guid":{"rendered":"https:\/\/www.directbiz.com.br\/home\/?page_id=3649"},"modified":"2023-02-17T14:36:41","modified_gmt":"2023-02-17T17:36:41","slug":"parceiros","status":"publish","type":"page","link":"https:\/\/www.directbiz.com.br\/home\/parceiros\/","title":{"rendered":"Parceiros"},"content":{"rendered":"<p>[vc_row css=&#8221;.vc_custom_1536277724521{margin-bottom: 30px !important;}&#8221;][vc_column]<div class=\"\">\n\t<div class=\"rt-vc-title rtin-section-title-left\">\n\t\t\t\t\t<h2 class=\"rt-section-title-vc\" style=\"font-size:36px; color:#222222;\">Parceiros<\/h2>\n\t\t\t\t\t<div class=\"rt-section-sub-title-vc\" style=\"width:100%; color:#444444;\">Ao longo de nossa exist\u00eancia, constru\u00edmos s\u00f3lidas parcerias com empresas de v\u00e1rios setores, formando uma ampla rede de servi\u00e7os especializados e altamente capacitados em suas \u00e1reas de atua\u00e7\u00e3o, possibilitando aos nossos clientes escolhas assertivas de fornecedores.<\/p>\n<p>Nossos parceiros passam por um criterioso processo de homologa\u00e7\u00e3o e oferecem aos nossos clientes servi\u00e7os e produtos em \u00e1reas e necessidades espec\u00edficas da estrutura\u00e7\u00e3o de opera\u00e7\u00f5es de Vendas Diretas, implanta\u00e7\u00e3o de Estrat\u00e9gias Multicanais ou neg\u00f3cios Omnichannel.<\/p>\n<p>\u00c9 importante ressaltar que a escolha, a contrata\u00e7\u00e3o e os trabalhos dos parceiros s\u00e3o totalmente independentes de nossas recomenda\u00e7\u00f5es t\u00e9cnicas e qualitativas.<\/div>\n\t\t\t<\/div>\n<\/div>[\/vc_column][\/vc_row][vc_row][vc_column]<div class=\"\">\n\t<div class=\"rt-vc-title rtin-section-title-center\">\n\t\t\t\t\t<h2 class=\"rt-section-title-vc\" style=\"font-size:30px; color:#222222;\">Branding e Comunica\u00e7\u00e3o<\/h2>\n\t\t\t<\/div>\n<\/div>[\/vc_column][\/vc_row][vc_row css=&#8221;.vc_custom_1534284735050{padding-bottom: 80px !important;}&#8221;][vc_column width=&#8221;1\/3&#8243;]<div class=\"media rt-info-text  layout3\" style=\"\" data-color=\"\" data-hover=\"#cb1011\" data-title-color=\"#222222\" data-title-hover=\"#cb1011\">\n    <div class=\"pull-left\">\n                    <img loading=\"lazy\" decoding=\"async\" width=\"500\" height=\"300\" src=\"https:\/\/www.directbiz.com.br\/home\/wp-content\/uploads\/2018\/10\/logo_azen_500px.png\" class=\"attachment-500x500 size-500x500\" alt=\"\" srcset=\"https:\/\/www.directbiz.com.br\/home\/wp-content\/uploads\/2018\/10\/logo_azen_500px.png 500w, https:\/\/www.directbiz.com.br\/home\/wp-content\/uploads\/2018\/10\/logo_azen_500px-300x180.png 300w\" sizes=\"auto, (max-width: 500px) 100vw, 500px\" \/>            <\/div>\n    <div class=\"media-body\">\n        <h3 class=\"media-heading\" style=\"margin-top: px;margin-bottom: px;color:#222222\">Comunica\u00e7\u00e3o, Identidade Corporativa e Design com Prop\u00f3sito.<\/h3>\n        <p class=\"mb0\" style=\"\"><a href=\"https:\/\/marcia-azen.jimdosite.com\/\" target=\"_blank\" rel=\"noopener\">marcia-azen.jimdosite.com<\/a><\/p>\n    <\/div>\n    <div class=\"clear\"><\/div>\n<\/div>[\/vc_column][vc_column width=&#8221;1\/3&#8243;]<div class=\"media rt-info-text  layout3\" style=\"\" data-color=\"\" data-hover=\"#cb1011\" data-title-color=\"#222222\" data-title-hover=\"#cb1011\">\n    <div class=\"pull-left\">\n                    <img loading=\"lazy\" decoding=\"async\" width=\"500\" height=\"300\" src=\"https:\/\/www.directbiz.com.br\/home\/wp-content\/uploads\/2018\/10\/logo_toq_500px.png\" class=\"attachment-500x500 size-500x500\" alt=\"\" srcset=\"https:\/\/www.directbiz.com.br\/home\/wp-content\/uploads\/2018\/10\/logo_toq_500px.png 500w, https:\/\/www.directbiz.com.br\/home\/wp-content\/uploads\/2018\/10\/logo_toq_500px-300x180.png 300w\" sizes=\"auto, (max-width: 500px) 100vw, 500px\" \/>            <\/div>\n    <div class=\"media-body\">\n        <h3 class=\"media-heading\" style=\"margin-top: px;margin-bottom: px;color:#222222\">A sua ag\u00eancia especializada em Branding para Venda Direta.<\/h3>\n        <p class=\"mb0\" style=\"\"><a href=\"https:\/\/toqdesign.com.br\/\" target=\"_blank\" rel=\"noopener\">toqdesign.com.br<\/a><\/p>\n    <\/div>\n    <div class=\"clear\"><\/div>\n<\/div>[\/vc_column][\/vc_row][vc_row][vc_column]<div class=\"\">\n\t<div class=\"rt-vc-title rtin-section-title-center\">\n\t\t\t\t\t<h2 class=\"rt-section-title-vc\" style=\"font-size:30px; color:#222222;\">Estrat\u00e9gias Digitais<\/h2>\n\t\t\t<\/div>\n<\/div>[\/vc_column][\/vc_row][vc_row css=&#8221;.vc_custom_1534285918353{padding-bottom: 80px !important;}&#8221;][vc_column width=&#8221;1\/3&#8243;]<div class=\"media rt-info-text  layout3\" style=\"\" data-color=\"\" data-hover=\"#cb1011\" data-title-color=\"#222222\" data-title-hover=\"#cb1011\">\n    <div class=\"pull-left\">\n                    <img loading=\"lazy\" decoding=\"async\" width=\"500\" height=\"300\" src=\"https:\/\/www.directbiz.com.br\/home\/wp-content\/uploads\/2022\/06\/logo_heymudei_500px.png\" class=\"attachment-500x500 size-500x500\" alt=\"\" srcset=\"https:\/\/www.directbiz.com.br\/home\/wp-content\/uploads\/2022\/06\/logo_heymudei_500px.png 500w, https:\/\/www.directbiz.com.br\/home\/wp-content\/uploads\/2022\/06\/logo_heymudei_500px-300x180.png 300w\" sizes=\"auto, (max-width: 500px) 100vw, 500px\" \/>            <\/div>\n    <div class=\"media-body\">\n        <h3 class=\"media-heading\" style=\"margin-top: px;margin-bottom: px;color:#222222\">Estrat\u00e9gias e Produ\u00e7\u00f5es Digitais, Social Selling e Tr\u00e1fego Web.<\/h3>\n        <p class=\"mb0\" style=\"\"><a href=\"https:\/\/heymudei.com.br\/\" target=\"_blank\" rel=\"noopener\">heymudei.com.br<\/a><\/p>\n    <\/div>\n    <div class=\"clear\"><\/div>\n<\/div>[\/vc_column][vc_column width=&#8221;1\/3&#8243;]<div class=\"media rt-info-text  layout3\" style=\"\" data-color=\"\" data-hover=\"#cb1011\" data-title-color=\"#222222\" data-title-hover=\"#cb1011\">\n    <div class=\"pull-left\">\n                    <img loading=\"lazy\" decoding=\"async\" width=\"500\" height=\"300\" src=\"https:\/\/www.directbiz.com.br\/home\/wp-content\/uploads\/2019\/03\/logo_opex_500px.png\" class=\"attachment-500x500 size-500x500\" alt=\"\" srcset=\"https:\/\/www.directbiz.com.br\/home\/wp-content\/uploads\/2019\/03\/logo_opex_500px.png 500w, https:\/\/www.directbiz.com.br\/home\/wp-content\/uploads\/2019\/03\/logo_opex_500px-300x180.png 300w\" sizes=\"auto, (max-width: 500px) 100vw, 500px\" \/>            <\/div>\n    <div class=\"media-body\">\n        <h3 class=\"media-heading\" style=\"margin-top: px;margin-bottom: px;color:#222222\">Hosting, Cloud, Solu\u00e7\u00f5es, Tecnologia e Infraestrutura Web.<\/h3>\n        <p class=\"mb0\" style=\"\"><a href=\"https:\/\/www.opex.net.br\/\" target=\"_blank\" rel=\"noopener\">opex.net.br<\/a><\/p>\n    <\/div>\n    <div class=\"clear\"><\/div>\n<\/div>[\/vc_column][\/vc_row][vc_row][vc_column]<div class=\"\">\n\t<div class=\"rt-vc-title rtin-section-title-center\">\n\t\t\t\t\t<h2 class=\"rt-section-title-vc\" style=\"font-size:30px; color:#222222;\">Sistemas<\/h2>\n\t\t\t<\/div>\n<\/div>[\/vc_column][\/vc_row][vc_row css=&#8221;.vc_custom_1534285918353{padding-bottom: 80px !important;}&#8221;][vc_column width=&#8221;1\/3&#8243;]<div class=\"media rt-info-text  layout3\" style=\"\" data-color=\"\" data-hover=\"#cb1011\" data-title-color=\"#222222\" data-title-hover=\"#cb1011\">\n    <div class=\"pull-left\">\n                    <img loading=\"lazy\" decoding=\"async\" width=\"500\" height=\"300\" src=\"https:\/\/www.directbiz.com.br\/home\/wp-content\/uploads\/2018\/08\/logo_mazza_500px.png\" class=\"attachment-500x500 size-500x500\" alt=\"\" srcset=\"https:\/\/www.directbiz.com.br\/home\/wp-content\/uploads\/2018\/08\/logo_mazza_500px.png 500w, https:\/\/www.directbiz.com.br\/home\/wp-content\/uploads\/2018\/08\/logo_mazza_500px-300x180.png 300w\" sizes=\"auto, (max-width: 500px) 100vw, 500px\" \/>            <\/div>\n    <div class=\"media-body\">\n        <h3 class=\"media-heading\" style=\"margin-top: px;margin-bottom: px;color:#222222\">Sistema de Gest\u00e3o de Venda Direta e MLM.<\/h3>\n        <p class=\"mb0\" style=\"\"><a href=\"https:\/\/www.mazzaats.com.br\/\" target=\"_blank\" rel=\"noopener\">mazzaats.com.br<\/a><\/p>\n    <\/div>\n    <div class=\"clear\"><\/div>\n<\/div>[\/vc_column][vc_column width=&#8221;1\/3&#8243;]<div class=\"media rt-info-text  layout3\" style=\"\" data-color=\"\" data-hover=\"#cb1011\" data-title-color=\"#222222\" data-title-hover=\"#cb1011\">\n    <div class=\"pull-left\">\n                    <img loading=\"lazy\" decoding=\"async\" width=\"500\" height=\"300\" src=\"https:\/\/www.directbiz.com.br\/home\/wp-content\/uploads\/2019\/08\/logo_idb_500px.png\" class=\"attachment-500x500 size-500x500\" alt=\"\" srcset=\"https:\/\/www.directbiz.com.br\/home\/wp-content\/uploads\/2019\/08\/logo_idb_500px.png 500w, https:\/\/www.directbiz.com.br\/home\/wp-content\/uploads\/2019\/08\/logo_idb_500px-300x180.png 300w\" sizes=\"auto, (max-width: 500px) 100vw, 500px\" \/>            <\/div>\n    <div class=\"media-body\">\n        <h3 class=\"media-heading\" style=\"margin-top: px;margin-bottom: px;color:#222222\">Solu\u00e7\u00e3o Completa para Empresas MMN e Vendas Diretas.<\/h3>\n        <p class=\"mb0\" style=\"\"><a href=\"https:\/\/idesignbrasil.com.br\/\" target=\"_blank\" rel=\"noopener\">idesignbrasil.com.br<\/a><\/p>\n    <\/div>\n    <div class=\"clear\"><\/div>\n<\/div>[\/vc_column][vc_column width=&#8221;1\/3&#8243;][\/vc_column][\/vc_row][vc_row][vc_column]<div class=\"\">\n\t<div class=\"rt-vc-title rtin-section-title-center\">\n\t\t\t\t\t<h2 class=\"rt-section-title-vc\" style=\"font-size:30px; color:#222222;\">Supply Chain e Fulfillment<\/h2>\n\t\t\t<\/div>\n<\/div>[\/vc_column][\/vc_row][vc_row css=&#8221;.vc_custom_1534285918353{padding-bottom: 80px !important;}&#8221;][vc_column width=&#8221;1\/3&#8243;]<div class=\"media rt-info-text  layout3\" style=\"\" data-color=\"\" data-hover=\"#cb1011\" data-title-color=\"#222222\" data-title-hover=\"#cb1011\">\n    <div class=\"pull-left\">\n                    <img loading=\"lazy\" decoding=\"async\" width=\"500\" height=\"300\" src=\"https:\/\/www.directbiz.com.br\/home\/wp-content\/uploads\/2023\/02\/logo_cec_B_500px.png\" class=\"attachment-500x500 size-500x500\" alt=\"\" srcset=\"https:\/\/www.directbiz.com.br\/home\/wp-content\/uploads\/2023\/02\/logo_cec_B_500px.png 500w, https:\/\/www.directbiz.com.br\/home\/wp-content\/uploads\/2023\/02\/logo_cec_B_500px-300x180.png 300w\" sizes=\"auto, (max-width: 500px) 100vw, 500px\" \/>            <\/div>\n    <div class=\"media-body\">\n        <h3 class=\"media-heading\" style=\"margin-top: px;margin-bottom: px;color:#222222\">Supply Chain Intelligence &amp; Data Science.<\/h3>\n        <p class=\"mb0\" style=\"\"><a href=\"https:\/\/www.ceccompany.com\/\" target=\"_blank\" rel=\"noopener\">ceccompany.com<\/a><\/p>\n    <\/div>\n    <div class=\"clear\"><\/div>\n<\/div>[\/vc_column][vc_column width=&#8221;1\/3&#8243;]<div class=\"media rt-info-text  layout3\" style=\"\" data-color=\"\" data-hover=\"#cb1011\" data-title-color=\"#222222\" data-title-hover=\"#cb1011\">\n    <div class=\"pull-left\">\n                    <img loading=\"lazy\" decoding=\"async\" width=\"500\" height=\"300\" src=\"https:\/\/www.directbiz.com.br\/home\/wp-content\/uploads\/2019\/03\/logo_hub_500px.png\" class=\"attachment-500x500 size-500x500\" alt=\"\" srcset=\"https:\/\/www.directbiz.com.br\/home\/wp-content\/uploads\/2019\/03\/logo_hub_500px.png 500w, https:\/\/www.directbiz.com.br\/home\/wp-content\/uploads\/2019\/03\/logo_hub_500px-300x180.png 300w\" sizes=\"auto, (max-width: 500px) 100vw, 500px\" \/>            <\/div>\n    <div class=\"media-body\">\n        <h3 class=\"media-heading\" style=\"margin-top: px;margin-bottom: px;color:#222222\">Estrutura e Gest\u00e3o sob Medida Para seu Ecommerce.<\/h3>\n        <p class=\"mb0\" style=\"\"><a href=\"https:\/\/www.brhubtrade.com\/\" target=\"_blank\" rel=\"noopener\">brhubtrade.com<\/a><\/p>\n    <\/div>\n    <div class=\"clear\"><\/div>\n<\/div>[\/vc_column][vc_column width=&#8221;1\/3&#8243;][\/vc_column][\/vc_row][vc_row][vc_column]<div class=\"\">\n\t<div class=\"rt-vc-title rtin-section-title-center\">\n\t\t\t\t\t<h2 class=\"rt-section-title-vc\" style=\"font-size:30px; color:#222222;\">Treinamento e Capacita\u00e7\u00e3o<\/h2>\n\t\t\t<\/div>\n<\/div>[\/vc_column][\/vc_row][vc_row css=&#8221;.vc_custom_1534285918353{padding-bottom: 80px !important;}&#8221;][vc_column width=&#8221;1\/3&#8243;]<div class=\"media rt-info-text  layout3\" style=\"\" data-color=\"\" data-hover=\"#cb1011\" data-title-color=\"#222222\" data-title-hover=\"#cb1011\">\n    <div class=\"pull-left\">\n                    <img loading=\"lazy\" decoding=\"async\" width=\"500\" height=\"300\" src=\"https:\/\/www.directbiz.com.br\/home\/wp-content\/uploads\/2023\/02\/logo_yl_500px.png\" class=\"attachment-500x500 size-500x500\" alt=\"\" srcset=\"https:\/\/www.directbiz.com.br\/home\/wp-content\/uploads\/2023\/02\/logo_yl_500px.png 500w, https:\/\/www.directbiz.com.br\/home\/wp-content\/uploads\/2023\/02\/logo_yl_500px-300x180.png 300w\" sizes=\"auto, (max-width: 500px) 100vw, 500px\" \/>            <\/div>\n    <div class=\"media-body\">\n        <h3 class=\"media-heading\" style=\"margin-top: px;margin-bottom: px;color:#222222\">Parceria na Constru\u00e7\u00e3o do Resultado.<\/h3>\n        <p class=\"mb0\" style=\"\"><\/p>\n    <\/div>\n    <div class=\"clear\"><\/div>\n<\/div>[\/vc_column][vc_column width=&#8221;1\/3&#8243;][\/vc_column][\/vc_row]<\/p>\n","protected":false},"excerpt":{"rendered":"<p>[vc_row css=&#8221;.vc_custom_1536277724521{margin-bottom: 30px !important;}&#8221;][vc_column][\/vc_column][\/vc_row][vc_row][vc_column][\/vc_column][\/vc_row][vc_row css=&#8221;.vc_custom_1534284735050{padding-bottom: 80px !important;}&#8221;][vc_column width=&#8221;1\/3&#8243;][\/vc_column][vc_column width=&#8221;1\/3&#8243;][\/vc_column][\/vc_row][vc_row][vc_column][\/vc_column][\/vc_row][vc_row css=&#8221;.vc_custom_1534285918353{padding-bottom: 80px !important;}&#8221;][vc_column width=&#8221;1\/3&#8243;][\/vc_column][vc_column width=&#8221;1\/3&#8243;][\/vc_column][\/vc_row][vc_row][vc_column][\/vc_column][\/vc_row][vc_row css=&#8221;.vc_custom_1534285918353{padding-bottom: 80px !important;}&#8221;][vc_column width=&#8221;1\/3&#8243;][\/vc_column][vc_column width=&#8221;1\/3&#8243;][\/vc_column][vc_column width=&#8221;1\/3&#8243;][\/vc_column][\/vc_row][vc_row][vc_column][\/vc_column][\/vc_row][vc_row css=&#8221;.vc_custom_1534285918353{padding-bottom: 80px !important;}&#8221;][vc_column width=&#8221;1\/3&#8243;][\/vc_column][vc_column width=&#8221;1\/3&#8243;][\/vc_column][vc_column width=&#8221;1\/3&#8243;][\/vc_column][\/vc_row][vc_row][vc_column][\/vc_column][\/vc_row][vc_row css=&#8221;.vc_custom_1534285918353{padding-bottom: 80px !important;}&#8221;][vc_column width=&#8221;1\/3&#8243;][\/vc_column][vc_column [&hellip;]<\/p>\n","protected":false},"author":1,"featured_media":0,"parent":0,"menu_order":0,"comment_status":"closed","ping_status":"closed","template":"","meta":{"footnotes":""},"class_list":["post-3649","page","type-page","status-publish","hentry"],"_links":{"self":[{"href":"https:\/\/www.directbiz.com.br\/home\/wp-json\/wp\/v2\/pages\/3649","targetHints":{"allow":["GET"]}}],"collection":[{"href":"https:\/\/www.directbiz.com.br\/home\/wp-json\/wp\/v2\/pages"}],"about":[{"href":"https:\/\/www.directbiz.com.br\/home\/wp-json\/wp\/v2\/types\/page"}],"author":[{"embeddable":true,"href":"https:\/\/www.directbiz.com.br\/home\/wp-json\/wp\/v2\/users\/1"}],"replies":[{"embeddable":true,"href":"https:\/\/www.directbiz.com.br\/home\/wp-json\/wp\/v2\/comments?post=3649"}],"version-history":[{"count":49,"href":"https:\/\/www.directbiz.com.br\/home\/wp-json\/wp\/v2\/pages\/3649\/revisions"}],"predecessor-version":[{"id":8272,"href":"https:\/\/www.directbiz.com.br\/home\/wp-json\/wp\/v2\/pages\/3649\/revisions\/8272"}],"wp:attachment":[{"href":"https:\/\/www.directbiz.com.br\/home\/wp-json\/wp\/v2\/media?parent=3649"}],"curies":[{"name":"wp","href":"https:\/\/api.w.org\/{rel}","templated":true}]}}